*2 + 5*k + 13. Give a(6).
5
Let p(b) = -b**2 + 7*b + 2. Let g be (4 - 6)*2*-2. Determine p(g).
-6
Let d(n) = -n**3 - n - 2. Let a = -1 - 1. Give d(a).
8
Let m(b) = -b**2 + 3*b - 6. Let n(a) = -3*a**2 + 9*a - 17. Let q(s) = -8*m(s) + 3*n(s). Suppose -5*c = -3 - 12. Suppose -4*u = -5*u + c. Determine q(u).
-3
Let v(u) = 3*u**3 + 2*u**2 - 2*u. Suppose -2*w - 5 = 4*x + 1, 5*x + 9 = -3*w. Suppose 2*m + x - 2 = -2*b, b - 10 = -4*m. Determine v(b).
-12
Let j(o) be the third derivative of 0 + 1/24*o**4 + 6*o**2 + 0*o - 1/2*o**3. Give j(4).
1
Let d(n) = 2*n + 6. Let z be (2 + -8)*-1 + 2. Suppose -f - z = f. What is d(f)?
-2
Let z(x) = -x**3 + 16*x**2 - 5*x + 70. Let t be z(16). Let p(d) = d**2 + 10*d - 3. What is p(t)?
-3
Let g(n) = n**3 - 7*n**2 + n - 4. Let a be g(7). Suppose -13 = -4*s + a. Suppose s*f - 13 = -5*x + 2*f, 19 = -x + 5*f. Let c(d) = 2*d - 1. Give c(x).
1
Let n(m) = -m**2 + 4. Let l(a) = -a**2 - 3*a - 14. Let f(y) = -y + 1. Let v(h) = 5*f(h) + l(h). Let j be v(-6). Determine n(j).
-5
Let m be (-4)/(-3)*(-3)/(-1). Let p(a) = 3*a**3 - 4*a**3 - 1 + 5*a + m*a**2 + 5. Suppose 14*v = 10*v + 20. What is p(v)?
4
Let n(p) = p**3 - p**2 - 3*p. Let b be n(3). Suppose -19 = -3*h - 7. Let o(c) = -c - h + b + 2*c. Give o(-5).
0
Let d(p) = -p. Let g(u) = -6*u**2 + 3*u + 1. Let y(r) = 3*d(r) + g(r). Let x(b) = -b - 14. Let q be x(-15). Give y(q).
-5
Let g(z) be the third derivative of -z**4/24 - z**3/6 + 6*z**2. What is g(-3)?
2
Let d(h) = -3*h**3 + 2*h**2 - 13*h - 1. Let w(x) = 2*x**3 - x**2 + 9*x + 1. Let p be (-1 - 1) + (12 - 3). Let y(b) = p*w(b) + 5*d(b). What is y(3)?
-4
Let u(l) = -9*l**2 + l + 2. Let a(q) = -1. Let v(j) = 2*a(j) + u(j). Determine v(1).
-8
Suppose 0 = 5*k + 17 - 7, -5*p + 3*k + 41 = 0. Let f(x) = x**2 + 7*x - 2*x**2 + 3 - x. Calculate f(p).
-4
Let j(y) be the second derivative of y**5/60 + y**4/4 - 2*y**3/3 - 3*y**2/2 + 5*y. Let v(c) be the first derivative of j(c). What is v(-6)?
-4
Suppose 2*x = -10 - 0. Let v = 3 - -1. Let c(r) = v - 3*r - r**2 + 2 + 1. Give c(x).
-3
Let p(w) be the first derivative of -w**4/4 + 2*w**3 + 3*w**2 + 6*w - 11. What is p(7)?
-1
Let a(x) = x**2 + x**2 - 2 - 3*x**2. Let u(y) = -y - 2. Let v be u(-6). Let m be (0/(-2))/(v + -2). Give a(m).
-2
Let m(l) = -l**2 + 12*l - 11. Let a be -2*((-26)/4 + 1). Let d be m(a). Let b(v) = v**2. Calculate b(d).
0
Let k(p) = p + 10. Let h = -126 + 120. Give k(h).
4
Let q(o) be the first derivative of o**5/60 + 7*o**4/24 - o**3/6 - o**2 + 4. Let t(p) be the second derivative of q(p). Calculate t(-6).
-7
Let k = -127 - -133. Let j(c) = -c**3 + 5*c**2 + 6*c - 4. Give j(k).
-4
Let f be ((-20)/(-6))/((-2)/(-3)). Let u(g) = 3*g - 7 + f - g**2 + 7 + g. Give u(6).
-7
Let d(h) = 8*h + 28. Let p be d(-3). Let c(r) = -3*r**2 + 6*r - 5. What is c(p)?
-29
Let k(n) be the second derivative of -n**6/720 + n**5/120 + 5*n**4/12 + 2*n. Let u(r) be the third derivative of k(r). Determine u(-4).
5
Let t(z) = -25*z + 19*z + 3*z**2 + 0*z**2 - 4*z**2. Let u = 4 - 1. Let y = u - 9. Calculate t(y).
0
Let r(q) = 3 - 11*q**2 - q**3 + 1 + 8*q**2 - 5. Suppose a + s = 5, 0 = 2*a + 4*s - 6*s - 10. Let z = -8 + a. Calculate r(z).
-1
Let s(i) = 6*i**2 + 54*i - 24. Let l(p) = -p**2 - 11*p + 5. Let o(z) = 11*l(z) + 2*s(z). Give o(12).
-5
Let l(j) = -j**2 + 6*j - 5. Suppose 5*a - 15 = -5*u, -2*u + 40 = 2*u - 3*a. What is l(u)?
-12
Let m(p) = -p**3 - 7*p**2 + 2. Let o be m(-7). Let d(c) = -c**2 + 4*c - 3. Give d(o).
1
Let n be (-12 + -2)/2 + 2. Let w = n - -10. Suppose -f = -w + 1. Let c(v) = -v**3 + 5*v**2 - 3*v + 2. Determine c(f).
6
Let r be (-4)/14 - (1 - (-38)/14). Let g(v) = 4*v - 2. What is g(r)?
-18
Let z(q) = 10*q + 9. Let v(s) = -5*s - 4. Let u(c) = 9*v(c) + 4*z(c). Suppose 0*h + 1 = h. What is u(h)?
-5
Let h(t) = -t**3 + t**2 + t + 8. Let c = 8 - 8. Calculate h(c).
8
Let o(l) = -l**2 - 6*l + 10. Let n be o(-7). Let t(r) = -3 + n*r + 3 - 2*r + 4. Let v = 11 - 8. Determine t(v).
7
Let n(y) be the first derivative of -y**4/4 + y**3 - y**2/2 + 2*y - 7. Give n(3).
-1
Let f = -1 + 1. Suppose -3*v + 0*v - 3 = f. Let j(o) = 4*o**2 - 4*o - 5. Let t(x) = x**3 - 5*x**2 + 5*x + 6. Let m(q) = 5*j(q) + 4*t(q). Determine m(v).
-5
Let j(s) = -9*s**3 - 2*s**2 - s. Let n(c) = -c**2 + 9*c - 7. Let t(f) = 3*f**2 - 27*f + 21. Let x(a) = 8*n(a) + 3*t(a). Let v be x(8). Determine j(v).
8
Let t(j) = -10*j**2 - 14*j + 12. Let h(q) = -7*q**2 - 9*q + 8. Let l(u) = 7*h(u) - 5*t(u). Determine l(-6).
-10
Let r(d) = d**2 + 7*d + 3. Let c(y) = -y**2 - 6*y - 3. Let n(h) = 6*c(h) + 5*r(h). Suppose 2*x = 4*x. Determine n(x).
-3
Let q be 1*1/(-2)*-32. Let h = q + -11. Let k(t) = -t**2 + 5*t + 4. Determine k(h).
4
Let f be (-4)/14 - ((-108)/(-14) - 2). Let o(r) = r**3 + 6*r**2 - 2*r - 3. Give o(f).
9
Let x(i) = -2*i**3 - i**2 - i. Let h be x(-1). Let m(p) = -2*p - 3*p**3 - p**3 - 4*p**2 + 3*p**3 + h. Determine m(-4).
10
Let z(t) be the second derivative of 5/12*t**4 - 1/20*t**5 + 4/3*t**3 - 3*t - 4*t**2 + 0. Give z(6).
4
Suppose 0 = o + t - 1 - 3, 0 = -3*o + 4*t + 5. Let h(m) = -2*m + o - 8 + m - 1. Give h(0).
-6
Let i = -8 - -13. Let k(f) = f**2 - 6*f + 3*f**2 - i*f**2 + 6 + 2*f**2. Suppose 5*n = -0*n + 25. Give k(n).
1
Let x(a) = 4*a + 7. Let g(c) = 5*c + 8. Let f(j) = -2*g(j) + 3*x(j). Calculate f(-6).
-7
Let o(p) = p**3 - 6*p**2 - 6*p - 7. Suppose -z + 7 = -0. Calculate o(z).
0
Let y(t) = -4*t - 4. Let d(i) = -3*i - 3. Suppose 2*l = -l + 21. Let k(p) = l*d(p) - 5*y(p). Suppose 0 = 2*z - 1 + 11. Determine k(z).
4
Let c(n) = n**3 + 5*n**2 + 7*n + 7. Let h(x) = 3*x**3 + 14*x**2 + 20*x + 20. Let i(w) = 11*c(w) - 4*h(w). Give i(-2).
7
Let j be 27/(-12)*8/3. Let y be 0/(j/(-9)*-3). Let t(d) be the second derivative of -d**5/20 - d**4/12 - d**3/6 - 2*d**2 + d. Determine t(y).
-4
Let q(m) be the first derivative of -2 + 1/12*m**4 + 7/2*m**2 - 1/6*m**3 + 2*m. Let y(r) be the first derivative of q(r). Calculate y(0).
7
Let x = 2 - 4. Let l(a) = 135*a + 55. Let k(g) = 5*g + 2. Let o(f) = x*l(f) + 55*k(f). Suppose 0 = 2*t + m - 1, -3*t + 7 = -0*t - 4*m. Calculate o(t).
5
Let s(d) = d + 1. Let x be (1 - 3/2)*0. Suppose x = -q + 4*q - 12. Calculate s(q).
5
Let l(k) = k**3 - 4*k**2 - 3*k - 4. Let z be l(5). Let u(v) = 7*v**2 - 5*v. Let x(f) = f**2 + 1. Let m(n) = u(n) - 6*x(n). Calculate m(z).
0
Let x(g) = -10*g + 0 + 2 + 0*g**3 + 9*g + g**3. Give x(-2).
-4
Let y(l) = -l**3 - 5*l**2 - 3*l + 2. Suppose -2*q = 2 - 0. Let i be q/((1/3)/1). What is y(i)?
-7
Let l(s) = -s**2 + 9*s - 8. Suppose -4*n + 29 = u, 4*u - 6 - 14 = 0. Determine l(n).
10
Let c(y) be the first derivative of 2*y**3/3 + 5*y**2/2 - 4*y + 15. Let b be (3/(6/(-20)))/1. Let u = b + 6. Give c(u).
8
Let z(g) = 1 + 10*g - 19*g + 0*g. Calculate z(-1).
10
Let w(y) = y. Let z(u) = u**2 + 9*u + 1. Let l be z(-8). Calculate w(l).
-7
Let d(f) be the third derivative of f**5/60 + f**4/24 - 2*f**3/3 - 23*f**2. Calculate d(3).
8
Suppose 4*x - 4 = 0, 0*h + 2*x = -5*h + 17. Suppose -s - 40 = h*m, 77 - 27 = -5*m - 5*s. Let n be 20/m + (-1)/(-3). Let i(f) = 11*f**2 - f - 1. What is i(n)?
11
Suppose 0 = 7*b - 9*b + 12. Let k(v) = v**2 - 7*v - 3. Give k(b).
-9
Let z be (-5)/(-7) - (-4)/14. Let p(a) = 4*a - 1 + z - 5*a. Calculate p(3).
-3
Let s(r) = -8*r**2 + r - 1. Let x(z) = -z**2 + z - 1. Let f(l) = 2*s(l) - 2*x(l). What is f(-1)?
-14
Let s(t) = -t + 3. Suppose -4*w + 23 + 17 = 0. Suppose -5*g - w + 0 = 0. Let j be (1 + -8 - g)/(-1). What is s(j)?
-2
Let r(y) = 0*y - y**2 - y**2 - 2*y - y**3. Let d(s) = -s**2 + 6*s + 4. Let n be d(6). Suppose -n*b + 3*c + 4 = 0, -6 = b + 5*c + 16. Give r(b).
4
Let s(m) be the first derivative of 4*m - 1/3*m**3 - 3 + m**2. Give s(3).
1
Let s(g) be the third derivative of 0*g + 0 - 1/60*g**5 + 1/6*g**3 + 1/4*g**4 + g**2. Let i = 20 - 15. What is s(i)?
6
Let p(f) = -14*f**2 + 5*f + 35. Let u(m) = 5*m**2 - 2*m - 12. Let o(d) = -4*p(d) - 11*u(d). Calculate o(-6).
16
Suppose -3*q = -q - 5*h - 10, -3*h = 4*q + 32. Suppose -4*k - 3 = i - 15, 4*k - 4*i + 8 = 0. Let p(f) = 2*f**2 - 7*f**2 + k*f + 13*f**3 - 14*f**3. Give p(q).
-10
Let z(f) = 2*f - 5. Let q(u) = -u + 4. Let w(o) = 4*q(o) + 3*z(o). Let h(y) = 6*y - 30. Let t be h(4). Give w(t).
-11
Let a(q) = q**3 + 1. Let j be (1/(-1))/(17/34). Give a(j).
-7
Let q(b) = -b + 3. Let j be q(7). Let m(y) = -y**2 - 5*y - 